{"id":2,"date":"2015-02-19T04:39:32","date_gmt":"2015-02-19T03:39:32","guid":{"rendered":"http:\/\/localhost:8080\/wordpress-4.1.1\/wordpress\/?page_id=2"},"modified":"2015-11-12T17:54:08","modified_gmt":"2015-11-12T16:54:08","slug":"rolunk","status":"publish","type":"page","link":"http:\/\/radonyi.hu\/autoszerviz\/rolunk\/","title":{"rendered":"R\u00f3lunk"},"content":{"rendered":"<p>A R\u00e1donyi \u00e9s T\u00e1rsa Kft. t\u00f6bb \u00e9vtizedes szakmai tapasztalattal v\u00e1rja \u00fcgyfeleit meg\u00fajult telephely\u00e9n, a XV. ker\u00fclet (R\u00e1kospalota) G\u00e1bor \u00c1ron utca 50. sz\u00e1m alatt. Modern m\u0171helyben mindenf\u00e9le teljes k\u00f6r\u0171 g\u00e9pj\u00e1rm\u0171 jav\u00edt\u00e1si munk\u00e1kat v\u00e1llal.<\/p>\n<p>A c\u00e9g vezet\u0151i \u00e9s alkalmazottai t\u00f6bb \u00e9v tapasztalat\u00e1val rendelkeznek a g\u00e9pj\u00e1rm\u0171vek jav\u00edt\u00e1sa ter\u00e9n. Az aut\u00f3jav\u00edt\u00f3 m\u0171hely k\u00e9t emel\u0151vel rendelkezik, melyen nagyobb j\u00e1rm\u0171vek jav\u00edt\u00e1s\u00e1t is el tudj\u00e1k v\u00e1llalni. Els\u0151dleges szempont az \u00fcgyfelek el\u00e9gedetts\u00e9ge.<\/p>\n<p>Lehet\u0151s\u00e9g van c\u00e9ges flott\u00e1k kedvezm\u00e9nyes jav\u00edt\u00e1s\u00e1ra is. A kedvezm\u00e9ny m\u00e9rt\u00e9k\u00e9t a flotta \u00e9s a jav\u00edt\u00e1sok hat\u00e1rozz\u00e1k meg. Ig\u00e9ny eset\u00e9n keressenek meg!<\/p>\n<h2>R\u00e1donyi Aut\u00f3szerviz szolg\u00e1ltat\u00e1sok<\/h2>\n<ul>\n<li>Szem\u00e9lyg\u00e9pkocsi-jav\u00edt\u00e1s<\/li>\n<li>Vizsg\u00e1ztat\u00e1s<\/li>\n<li>Gumiszerel\u00e9s, cent\u00edroz\u00e1s<\/li>\n<li>Soronk\u00edv\u00fcli olajcsere<\/li>\n<li>Karossz\u00e9riamunk\u00e1k<\/li>\n<li>G\u00e9pj\u00e1rm\u0171-ad\u00e1sv\u00e9tel<\/li>\n<li>Alkatr\u00e9szbeszerz\u00e9s<\/li>\n<\/ul>\n<p>(a teljess\u00e9g ig\u00e9nye n\u00e9lk\u00fcl)<\/p>\n<p>K\u00e9rj\u00fck tekintse meg szolg\u00e1ltat\u00e1sainkat!<\/p>\n","protected":false},"excerpt":{"rendered":"<p>A R\u00e1donyi \u00e9s T\u00e1rsa Kft. t\u00f6bb \u00e9vtizedes szakmai tapasztalattal v\u00e1rja \u00fcgyfeleit meg\u00fajult telephely\u00e9n, a XV. ker\u00fclet (R\u00e1kospalota) G\u00e1bor \u00c1ron utca 50. sz\u00e1m alatt. Modern m\u0171helyben mindenf\u00e9le teljes k\u00f6r\u0171 g\u00e9pj\u00e1rm\u0171 jav\u00edt\u00e1si munk\u00e1kat v\u00e1llal. A c\u00e9g vezet\u0151i \u00e9s alkalmazottai t\u00f6bb \u00e9v tapasztalat\u00e1val rendelkeznek a g\u00e9pj\u00e1rm\u0171vek jav\u00edt\u00e1sa ter\u00e9n. Az aut\u00f3jav\u00edt\u00f3 m\u0171hely k\u00e9t emel\u0151vel rendelkezik, melyen nagyobb j\u00e1rm\u0171vek jav\u00edt\u00e1s\u00e1t [&hellip;]<\/p>\n","protected":false},"author":1,"featured_media":10,"parent":0,"menu_order":0,"comment_status":"closed","ping_status":"closed","template":"","meta":[],"_links":{"self":[{"href":"http:\/\/radonyi.hu\/autoszerviz\/wp-json\/wp\/v2\/pages\/2"}],"collection":[{"href":"http:\/\/radonyi.hu\/autoszerviz\/wp-json\/wp\/v2\/pages"}],"about":[{"href":"http:\/\/radonyi.hu\/autoszerviz\/wp-json\/wp\/v2\/types\/page"}],"author":[{"embeddable":true,"href":"http:\/\/radonyi.hu\/autoszerviz\/wp-json\/wp\/v2\/users\/1"}],"replies":[{"embeddable":true,"href":"http:\/\/radonyi.hu\/autoszerviz\/wp-json\/wp\/v2\/comments?post=2"}],"version-history":[{"count":2,"href":"http:\/\/radonyi.hu\/autoszerviz\/wp-json\/wp\/v2\/pages\/2\/revisions"}],"predecessor-version":[{"id":11,"href":"http:\/\/radonyi.hu\/autoszerviz\/wp-json\/wp\/v2\/pages\/2\/revisions\/11"}],"wp:featuredmedia":[{"embeddable":true,"href":"http:\/\/radonyi.hu\/autoszerviz\/wp-json\/wp\/v2\/media\/10"}],"wp:attachment":[{"href":"http:\/\/radonyi.hu\/autoszerviz\/wp-json\/wp\/v2\/media?parent=2"}],"curies":[{"name":"wp","href":"https:\/\/api.w.org\/{rel}","templated":true}]}}

Rólunk

<p>A Rádonyi és Társa Kft. több évtizedes szakmai tapasztalattal várja ügyfeleit megújult telephelyén, a XV. kerület (Rákospalota) Gábor Áron utca 50. szám alatt. Modern műhelyben mindenféle teljes körű gépjármű javítási munkákat vállal.</p>
<p>A cég vezetői és alkalmazottai több év tapasztalatával rendelkeznek a gépjárművek javítása terén. Az autójavító műhely két emelővel rendelkezik, melyen nagyobb járművek javítását is el tudják vállalni. Elsődleges szempont az ügyfelek elégedettsége.</p>
<p>Lehetőség van céges flották kedvezményes javítására is. A kedvezmény mértékét a flotta és a javítások határozzák meg. Igény esetén keressenek meg!</p>
<h2>Rádonyi Autószerviz szolgáltatások</h2>
<ul>
<li>Személygépkocsi-javítás</li>
<li>Vizsgáztatás</li>
<li>Gumiszerelés, centírozás</li>
<li>Soronkívüli olajcsere</li>
<li>Karosszériamunkák</li>
<li>Gépjármű-adásvétel</li>
<li>Alkatrészbeszerzés</li>
</ul>
<p>(a teljesség igénye nélkül)</p>
<p>Kérjük tekintse meg szolgáltatásainkat!</p>

<p>A Rádonyi és Társa Kft. több évtizedes szakmai tapasztalattal várja ügyfeleit megújult telephelyén, a XV. kerület (Rákospalota) Gábor Áron utca 50. szám alatt. Modern műhelyben mindenféle teljes körű gépjármű javítási munkákat vállal. A cég vezetői és alkalmazottai több év tapasztalatával rendelkeznek a gépjárművek javítása terén. Az autójavító műhely két emelővel rendelkezik, melyen nagyobb járművek javítását [&hellip;]</p>
