{"id":10609,"date":"2015-11-18T17:25:11","date_gmt":"2015-11-18T16:25:11","guid":{"rendered":"http:\/\/radonyi.hu\/autoszerviz\/?page_id=10609"},"modified":"2015-11-18T17:25:11","modified_gmt":"2015-11-18T16:25:11","slug":"kapcsolat","status":"publish","type":"page","link":"http:\/\/radonyi.hu\/autoszerviz\/kapcsolat\/","title":{"rendered":"Kapcsolat"},"content":{"rendered":"<p>A R\u00e1donyi \u00e9s T\u00e1rsa Kft. aut\u00f3jav\u00edt\u00f3 m\u0171helye az M3-as kivezet\u0151 szakasza melletti szerv\u00edz \u00faton helyezkedik el, a Szerencs utcai keresztez\u0151d\u00e9s ut\u00e1n, p\u00e1rsz\u00e1z m\u00e9terre. A v\u00e1rosb\u00f3l kifel\u00e9 a Szerencs utcai keresztez\u0151d\u00e9sn\u00e9l kell kihajtani az aut\u00f3p\u00e1lya kivezet\u00e9s\u00e9r\u0151l \u00e9s r\u00e1hajtani az \u00fattal p\u00e1rhuzamos szerv\u00edz \u00fatra.<\/p>\n<p>Budapest, XV. ker\u00fclet,<br \/>\nG\u00e1bor \u00c1ron utca 50.<\/p>\n<p>Tel: +36 30 9427154<\/p>\n<h2>T\u00e9rk\u00e9p<\/h2>\n<p><iframe loading=\"lazy\" src=\"https:\/\/www.google.com\/maps\/embed?pb=!1m18!1m12!1m3!1d2692.811389488817!2d19.123652515449514!3d47.55199949974172!2m3!1f0!2f0!3f0!3m2!1i1024!2i768!4f13.1!3m3!1m2!1s0x4741dafc079b6c87%3A0x4d3b47575467376a!2sG%C3%A1bor+%C3%81ron+u.+50%2C+Budapest%2C+1154!5e0!3m2!1shu!2shu!4v1447347164482\" width=\"600\" height=\"450\" frameborder=\"0\" allowfullscreen=\"allowfullscreen\"><\/iframe><\/p>\n","protected":false},"excerpt":{"rendered":"<p>A R\u00e1donyi \u00e9s T\u00e1rsa Kft. aut\u00f3jav\u00edt\u00f3 m\u0171helye az M3-as kivezet\u0151 szakasza melletti szerv\u00edz \u00faton helyezkedik el, a Szerencs utcai keresztez\u0151d\u00e9s ut\u00e1n, p\u00e1rsz\u00e1z m\u00e9terre. A v\u00e1rosb\u00f3l kifel\u00e9 a Szerencs utcai keresztez\u0151d\u00e9sn\u00e9l kell kihajtani az aut\u00f3p\u00e1lya kivezet\u00e9s\u00e9r\u0151l \u00e9s r\u00e1hajtani az \u00fattal p\u00e1rhuzamos szerv\u00edz \u00fatra. Budapest, XV. ker\u00fclet, G\u00e1bor \u00c1ron utca 50. Tel: +36 30 9427154 T\u00e9rk\u00e9p<\/p>\n","protected":false},"author":1,"featured_media":0,"parent":0,"menu_order":0,"comment_status":"closed","ping_status":"closed","template":"","meta":[],"_links":{"self":[{"href":"http:\/\/radonyi.hu\/autoszerviz\/wp-json\/wp\/v2\/pages\/10609"}],"collection":[{"href":"http:\/\/radonyi.hu\/autoszerviz\/wp-json\/wp\/v2\/pages"}],"about":[{"href":"http:\/\/radonyi.hu\/autoszerviz\/wp-json\/wp\/v2\/types\/page"}],"author":[{"embeddable":true,"href":"http:\/\/radonyi.hu\/autoszerviz\/wp-json\/wp\/v2\/users\/1"}],"replies":[{"embeddable":true,"href":"http:\/\/radonyi.hu\/autoszerviz\/wp-json\/wp\/v2\/comments?post=10609"}],"version-history":[{"count":1,"href":"http:\/\/radonyi.hu\/autoszerviz\/wp-json\/wp\/v2\/pages\/10609\/revisions"}],"predecessor-version":[{"id":10610,"href":"http:\/\/radonyi.hu\/autoszerviz\/wp-json\/wp\/v2\/pages\/10609\/revisions\/10610"}],"wp:attachment":[{"href":"http:\/\/radonyi.hu\/autoszerviz\/wp-json\/wp\/v2\/media?parent=10609"}],"curies":[{"name":"wp","href":"https:\/\/api.w.org\/{rel}","templated":true}]}}

<p>A Rádonyi és Társa Kft. autójavító műhelye az M3-as kivezető szakasza melletti szervíz úton helyezkedik el, a Szerencs utcai kereszteződés után, párszáz méterre. A városból kifelé a Szerencs utcai kereszteződésnél kell kihajtani az autópálya kivezetéséről és ráhajtani az úttal párhuzamos szervíz útra.</p>
<p>Budapest, XV. kerület,<br />
Gábor Áron utca 50.</p>
<p>Tel: +36 30 9427154</p>
<h2>Térkép</h2>
<p><iframe loading="lazy" src="https://www.google.com/maps/embed?pb=!1m18!1m12!1m3!1d2692.811389488817!2d19.123652515449514!3d47.55199949974172!2m3!1f0!2f0!3f0!3m2!1i1024!2i768!4f13.1!3m3!1m2!1s0x4741dafc079b6c87%3A0x4d3b47575467376a!2sG%C3%A1bor+%C3%81ron+u.+50%2C+Budapest%2C+1154!5e0!3m2!1shu!2shu!4v1447347164482" width="600" height="450" frameborder="0" allowfullscreen="allowfullscreen"></iframe></p>

<p>A Rádonyi és Társa Kft. autójavító műhelye az M3-as kivezető szakasza melletti szervíz úton helyezkedik el, a Szerencs utcai kereszteződés után, párszáz méterre. A városból kifelé a Szerencs utcai kereszteződésnél kell kihajtani az autópálya kivezetéséről és ráhajtani az úttal párhuzamos szervíz útra. Budapest, XV. kerület, Gábor Áron utca 50. Tel: +36 30 9427154 Térkép</p>
