{"id":10603,"date":"2015-11-18T17:08:21","date_gmt":"2015-11-18T16:08:21","guid":{"rendered":"http:\/\/radonyi.hu\/autoszerviz\/?page_id=10603"},"modified":"2015-11-18T17:08:21","modified_gmt":"2015-11-18T16:08:21","slug":"adatvedelmi-nyilatkozat","status":"publish","type":"page","link":"http:\/\/radonyi.hu\/autoszerviz\/adatvedelmi-nyilatkozat\/","title":{"rendered":"Adatv\u00e9delmi nyilatkozat"},"content":{"rendered":"<h2>A R\u00e1donyi Aut\u00f3szerviz adatv\u00e9delmi nyilatkozata (Privacy Policy)<\/h2>\n<p>A honlap haszn\u00e1lata sor\u00e1n megadott \u00e9s egy\u00e9bk\u00e9nt a honlap \u00fczemeltet\u0151j\u00e9hez ker\u00fclt szem\u00e9lyes adatok kezel\u00e9se tekintet\u00e9ben a honlap \u00fczemeltet\u0151je marad\u00e9ktalanul betartja az elektronikus h\u00edrk\u00f6zl\u00e9sr\u0151l sz\u00f3l\u00f3 \u00e9s az elektronikus h\u00edrk\u00f6zl\u00e9si szolg\u00e1ltat\u00f3 adatkezel\u00e9s\u00e9nek k\u00fcl\u00f6n\u00f6s felt\u00e9teleir\u0151l sz\u00f3l\u00f3 korm\u00e1nyrendeletet, valamint a k\u00f6z\u00e9rdek\u0171 adatok nyilv\u00e1noss\u00e1g\u00e1r\u00f3l sz\u00f3l\u00f3 1992. \u00e9vi LXIII. t\u00f6rv\u00e9ny rendelkez\u00e9seit \u00e9s el\u0151\u00edr\u00e1sait. A felhaszn\u00e1l\u00f3 adatait kiz\u00e1r\u00f3lag abban a k\u00f6rben kezeli, amelyhez a felhaszn\u00e1l\u00f3 kifejezett hozz\u00e1j\u00e1rul\u00e1s\u00e1t adta.<\/p>\n<p>A R\u00e1donyi Aut\u00f3szerviz honlapj\u00e1nak \u00fczemeltet\u0151je, a R\u00e1donyi \u00e9s T\u00e1rsa kft. kijelenti, hogy a honlap felhaszn\u00e1l\u00f3i \u00e1ltal ny\u00fajtott szem\u00e9lyes adatokat, inform\u00e1ci\u00f3kat az adatv\u00e9delmi szab\u00e1lyok tiszteletben tart\u00e1s\u00e1val adatkezel\u0151k\u00e9nt saj\u00e1t maga kezeli. A szem\u00e9lyes adatokat \u2013 az adatv\u00e9delmi szab\u00e1lyokban biztos\u00edtott kiv\u00e9telekt\u0151l eltekintve \u2013 nem hozza harmadik, illet\u00e9ktelen szem\u00e9ly tudom\u00e1s\u00e1ra, m\u00edg az egy\u00e9b szem\u00e9lyesnek nem min\u0151s\u00fcl\u0151 adatait szabadon haszn\u00e1lhatja fel.<\/p>\n<p>A R\u00e1donyi Aut\u00f3szerviz oldalainak megtekint\u00e9se szem\u00e9lyes adatok megad\u00e1sa n\u00e9lk\u00fcl is lehets\u00e9ges, az regisztr\u00e1ci\u00f3hoz nem k\u00f6t\u00f6tt. Szem\u00e9lyes adatok megad\u00e1s\u00e1ra csak kapcsolat felv\u00e9tel\u00e9re van sz\u00fcks\u00e9g, mely minden esetben \u00f6nk\u00e9ntes.<\/p>\n<p>A honlapra l\u00e1togat\u00f3k sz\u00e1m\u00edt\u00f3g\u00e9peinek \u00e9s a sz\u00e1m\u00edt\u00f3g\u00e9pekre telep\u00edtett szoftverek bizonyos adatai r\u00f6gz\u00edt\u00e9sre ker\u00fclhetnek statisztikai c\u00e9lb\u00f3l, mint p\u00e9ld\u00e1ul az IP-c\u00edm, b\u00f6ng\u00e9sz\u0151 t\u00edpusa, oper\u00e1ci\u00f3s rendszer, tartom\u00e1nyn\u00e9v, l\u00e1togat\u00e1s id\u0151pontjai \u00e9s azon honlapok c\u00edmei, ahonnan a l\u00e1togat\u00f3 a honlapra \u00e9rkezett.<\/p>\n<p>Cookie (s\u00fcti) haszn\u00e1lat<br \/>\nEgyes szolg\u00e1ltat\u00e1saink egyedi azonos\u00edt\u00f3t, \u00fagynevezett cookie-t helyeznek el felhaszn\u00e1l\u00f3ink sz\u00e1m\u00edt\u00f3g\u00e9p\u00e9n.<\/p>\n<p>A R\u00e1donyi Aut\u00f3szerviz honlap szolg\u00e1ltat\u00e1sainak fenntart\u00e1sa, fejleszt\u00e9se, valamint a felhaszn\u00e1l\u00f3i \u00e9lm\u00e9ny fokoz\u00e1sa \u00e9rdek\u00e9ben \u00fan. cookie-kat (s\u00fctiket) haszn\u00e1l. A R\u00e1donyi Aut\u00f3szerviz honlap haszn\u00e1lat\u00e1val \u00d6n elfogadja az oldal s\u00fctikre vonatkoz\u00f3 \u00f6sszes aktu\u00e1lis ir\u00e1nyelv\u00e9t, valamint adatv\u00e9delmi nyilatkozat\u00e1t.<\/p>\n<p>A s\u00fctik a b\u00f6ng\u00e9sz\u0151 \u00e1ltal a felhaszn\u00e1l\u00f3 eszk\u00f6z\u00e9re helyezett, kism\u00e9ret\u0171 sz\u00f6veges azonos\u00edt\u00e1st \u00e9s inform\u00e1ci\u00f3gy\u0171jt\u00e9st v\u00e9gz\u0151 \u00e1llom\u00e1nyok. A cookie egy egyedi sz\u00e1msorb\u00f3l \u00e1ll, \u00e9s els\u0151sorban a weblapot let\u00f6lt\u0151 sz\u00e1m\u00edt\u00f3g\u00e9pek \u00e9s egy\u00e9b eszk\u00f6z\u00f6k megk\u00fcl\u00f6nb\u00f6ztet\u00e9s\u00e9re szolg\u00e1l.<\/p>\n<p>Az \u00d6n sz\u00e1m\u00edt\u00f3g\u00e9p\u00e9t \u00e9rint\u0151 s\u00fctik be\u00e1ll\u00edt\u00e1s\u00e1t szab\u00e1lyozhatja b\u00f6ng\u00e9sz\u0151j\u00e9ben, \u00d6n mint felhaszn\u00e1l\u00f3 megakad\u00e1lyozhatja, hogy bizonyos kiszolg\u00e1l\u00f3k cookie-kat, s\u00fcti file-okat helyezzenek az eszk\u00f6z\u00e9re, illetve a harmadik f\u00e9lt\u0151l sz\u00e1rmaz\u00f3 s\u00fctikr\u0151l \u00e9s azok be\u00e1ll\u00edt\u00e1sair\u00f3l az al\u00e1bbi weboldalon tud t\u00e1j\u00e9koz\u00f3dni: <a href=\"http:\/\/www.youronlinechoices.com\/hu\/ad-choices\" target=\"_blank\">http:\/\/www.youronlinechoices.com\/hu\/ad-choices<\/a><\/p>\n<p>Arr\u00f3l, hogy hogyan haszn\u00e1lja a Google a cookie-kat, itt olvashat b\u0151vebben (l\u00e1togt\u00f3k m\u00e9r\u00e9se, hirdet\u00e9sek): <a href=\"http:\/\/www.google.hu\/intl\/hu\/policies\/technologies\/cookies\/\" target=\"_blank\">http:\/\/www.google.hu\/intl\/hu\/policies\/technologies\/cookies\/<\/a><\/p>\n<h3>Google<\/h3>\n<p>A Google hirdet\u00e9sek ir\u00e1nyelveit a Google Hirdet\u00e9si Alapelveiben fekteti le. Err\u0151l b\u0151vebbet itt olvashat: <a href=\"https:\/\/support.google.com\/adwordspolicy\/answer\/1316548?hl=hu\" target=\"_blank\">https:\/\/support.google.com\/adwordspolicy\/answer\/1316548?hl=hu<\/a><\/p>\n<p>A Google Adsense hirdet\u00e9seit haszn\u00e1ljuk.<\/p>\n<p>A Google, mint harmadik f\u00e9l rekl\u00e1m kiszolg\u00e1l\u00f3ja cookie-kat (s\u00fctiket) haszn\u00e1l, hogy a hirdet\u00e9seit az oldalon megjelen\u00edtse. A Google DART cookie (s\u00fcti) lehet\u0151v\u00e9 teszi, hogy az oldal l\u00e1togat\u00f3inak hirdet\u00e9seket jelen\u00edtsen meg az interneten. A felhaszn\u00e1l\u00f3k kijelentkezhetnek a cookie haszn\u00e1lata al\u00f3l \u00fagy, hogy felkeresik a Google rekl\u00e1m \u00e9s tartalom szolg\u00e1ltat\u00e1si oldal\u00e1t.<\/p>\n<p>Az oldalunkon a k\u00f6vetkez\u0151 Google term\u00e9keket haszn\u00e1ljuk:<br \/>\n\u2013 Google Adsense Remarketing<br \/>\n\u2013 Google Display Network megjelen\u00e9s jelent\u00e9s<br \/>\n\u2013 Demogr\u00e1fiai \u00e9s \u00e9rdekl\u0151d\u00e9s jelent\u00e9s<\/p>\n<p>Harmadik f\u00e9l \u00e1ltal alkalmazott cookie-k, mint p\u00e9ld\u00e1ul Google Analytics cookie-k a felhaszn\u00e1l\u00f3k rekl\u00e1mokkal kapcsolatos viselked\u00e9s\u00e9t azonos\u00edtj\u00e1k.<\/p>\n<p><strong>Kijelentkez\u00e9s<\/strong><br \/>\nA felhaszn\u00e1l\u00f3k be\u00e1ll\u00edthatj\u00e1k, hogy hogyan alkalmazza a Google a cookie-k haszn\u00e1lat\u00e1t, illetve kijelentkezhetnek a cookie-k haszn\u00e1lata al\u00f3l \u00fagy, hogy felkeresik a Network Advertising ir\u00e1nyelveket \u00e9s a b\u00f6ng\u00e9sz\u0151j\u00fck kiterjeszt\u00e9s\u00e9ben kikapcsolj\u00e1k a cookie-k elfogad\u00e1s\u00e1t.<\/p>\n<p>A honlap \u00fczemeltet\u0151je:<br \/>\nR\u00e1donyi \u00e9s T\u00e1rsa Kft.<br \/>\n1154. Budapest<br \/>\nG\u00e1bor \u00c1ron u. 50.<\/p>\n","protected":false},"excerpt":{"rendered":"<p>A R\u00e1donyi Aut\u00f3szerviz adatv\u00e9delmi nyilatkozata (Privacy Policy) A honlap haszn\u00e1lata sor\u00e1n megadott \u00e9s egy\u00e9bk\u00e9nt a honlap \u00fczemeltet\u0151j\u00e9hez ker\u00fclt szem\u00e9lyes adatok kezel\u00e9se tekintet\u00e9ben a honlap \u00fczemeltet\u0151je marad\u00e9ktalanul betartja az elektronikus h\u00edrk\u00f6zl\u00e9sr\u0151l sz\u00f3l\u00f3 \u00e9s az elektronikus h\u00edrk\u00f6zl\u00e9si szolg\u00e1ltat\u00f3 adatkezel\u00e9s\u00e9nek k\u00fcl\u00f6n\u00f6s felt\u00e9teleir\u0151l sz\u00f3l\u00f3 korm\u00e1nyrendeletet, valamint a k\u00f6z\u00e9rdek\u0171 adatok nyilv\u00e1noss\u00e1g\u00e1r\u00f3l sz\u00f3l\u00f3 1992. \u00e9vi LXIII. t\u00f6rv\u00e9ny rendelkez\u00e9seit \u00e9s el\u0151\u00edr\u00e1sait. A [&hellip;]<\/p>\n","protected":false},"author":1,"featured_media":0,"parent":0,"menu_order":0,"comment_status":"closed","ping_status":"closed","template":"","meta":[],"_links":{"self":[{"href":"http:\/\/radonyi.hu\/autoszerviz\/wp-json\/wp\/v2\/pages\/10603"}],"collection":[{"href":"http:\/\/radonyi.hu\/autoszerviz\/wp-json\/wp\/v2\/pages"}],"about":[{"href":"http:\/\/radonyi.hu\/autoszerviz\/wp-json\/wp\/v2\/types\/page"}],"author":[{"embeddable":true,"href":"http:\/\/radonyi.hu\/autoszerviz\/wp-json\/wp\/v2\/users\/1"}],"replies":[{"embeddable":true,"href":"http:\/\/radonyi.hu\/autoszerviz\/wp-json\/wp\/v2\/comments?post=10603"}],"version-history":[{"count":1,"href":"http:\/\/radonyi.hu\/autoszerviz\/wp-json\/wp\/v2\/pages\/10603\/revisions"}],"predecessor-version":[{"id":10604,"href":"http:\/\/radonyi.hu\/autoszerviz\/wp-json\/wp\/v2\/pages\/10603\/revisions\/10604"}],"wp:attachment":[{"href":"http:\/\/radonyi.hu\/autoszerviz\/wp-json\/wp\/v2\/media?parent=10603"}],"curies":[{"name":"wp","href":"https:\/\/api.w.org\/{rel}","templated":true}]}}

Adatvédelmi nyilatkozat

<h2>A Rádonyi Autószerviz adatvédelmi nyilatkozata (Privacy Policy)</h2>
<p>A honlap használata során megadott és egyébként a honlap üzemeltetőjéhez került személyes adatok kezelése tekintetében a honlap üzemeltetője maradéktalanul betartja az elektronikus hírközlésről szóló és az elektronikus hírközlési szolgáltató adatkezelésének különös feltételeiről szóló kormányrendeletet, valamint a közérdekű adatok nyilvánosságáról szóló 1992. évi LXIII. törvény rendelkezéseit és előírásait. A felhasználó adatait kizárólag abban a körben kezeli, amelyhez a felhasználó kifejezett hozzájárulását adta.</p>
<p>A Rádonyi Autószerviz honlapjának üzemeltetője, a Rádonyi és Társa kft. kijelenti, hogy a honlap felhasználói által nyújtott személyes adatokat, információkat az adatvédelmi szabályok tiszteletben tartásával adatkezelőként saját maga kezeli. A személyes adatokat – az adatvédelmi szabályokban biztosított kivételektől eltekintve – nem hozza harmadik, illetéktelen személy tudomására, míg az egyéb személyesnek nem minősülő adatait szabadon használhatja fel.</p>
<p>A Rádonyi Autószerviz oldalainak megtekintése személyes adatok megadása nélkül is lehetséges, az regisztrációhoz nem kötött. Személyes adatok megadására csak kapcsolat felvételére van szükség, mely minden esetben önkéntes.</p>
<p>A honlapra látogatók számítógépeinek és a számítógépekre telepített szoftverek bizonyos adatai rögzítésre kerülhetnek statisztikai célból, mint például az IP-cím, böngésző típusa, operációs rendszer, tartománynév, látogatás időpontjai és azon honlapok címei, ahonnan a látogató a honlapra érkezett.</p>
<p>Cookie (süti) használat<br />
Egyes szolgáltatásaink egyedi azonosítót, úgynevezett cookie-t helyeznek el felhasználóink számítógépén.</p>
<p>A Rádonyi Autószerviz honlap szolgáltatásainak fenntartása, fejlesztése, valamint a felhasználói élmény fokozása érdekében ún. cookie-kat (sütiket) használ. A Rádonyi Autószerviz honlap használatával Ön elfogadja az oldal sütikre vonatkozó összes aktuális irányelvét, valamint adatvédelmi nyilatkozatát.</p>
<p>A sütik a böngésző által a felhasználó eszközére helyezett, kisméretű szöveges azonosítást és információgyűjtést végző állományok. A cookie egy egyedi számsorból áll, és elsősorban a weblapot letöltő számítógépek és egyéb eszközök megkülönböztetésére szolgál.</p>
<p>Az Ön számítógépét érintő sütik beállítását szabályozhatja böngészőjében, Ön mint felhasználó megakadályozhatja, hogy bizonyos kiszolgálók cookie-kat, süti file-okat helyezzenek az eszközére, illetve a harmadik féltől származó sütikről és azok beállításairól az alábbi weboldalon tud tájékozódni: <a href="http://www.youronlinechoices.com/hu/ad-choices" target="_blank">http://www.youronlinechoices.com/hu/ad-choices</a></p>
<p>Arról, hogy hogyan használja a Google a cookie-kat, itt olvashat bővebben (látogtók mérése, hirdetések): <a href="http://www.google.hu/intl/hu/policies/technologies/cookies/" target="_blank">http://www.google.hu/intl/hu/policies/technologies/cookies/</a></p>
<h3>Google</h3>
<p>A Google hirdetések irányelveit a Google Hirdetési Alapelveiben fekteti le. Erről bővebbet itt olvashat: <a href="https://support.google.com/adwordspolicy/answer/1316548?hl=hu" target="_blank">https://support.google.com/adwordspolicy/answer/1316548?hl=hu</a></p>
<p>A Google Adsense hirdetéseit használjuk.</p>
<p>A Google, mint harmadik fél reklám kiszolgálója cookie-kat (sütiket) használ, hogy a hirdetéseit az oldalon megjelenítse. A Google DART cookie (süti) lehetővé teszi, hogy az oldal látogatóinak hirdetéseket jelenítsen meg az interneten. A felhasználók kijelentkezhetnek a cookie használata alól úgy, hogy felkeresik a Google reklám és tartalom szolgáltatási oldalát.</p>
<p>Az oldalunkon a következő Google termékeket használjuk:<br />
– Google Adsense Remarketing<br />
– Google Display Network megjelenés jelentés<br />
– Demográfiai és érdeklődés jelentés</p>
<p>Harmadik fél által alkalmazott cookie-k, mint például Google Analytics cookie-k a felhasználók reklámokkal kapcsolatos viselkedését azonosítják.</p>
<p><strong>Kijelentkezés</strong><br />
A felhasználók beállíthatják, hogy hogyan alkalmazza a Google a cookie-k használatát, illetve kijelentkezhetnek a cookie-k használata alól úgy, hogy felkeresik a Network Advertising irányelveket és a böngészőjük kiterjesztésében kikapcsolják a cookie-k elfogadását.</p>
<p>A honlap üzemeltetője:<br />
Rádonyi és Társa Kft.<br />
1154. Budapest<br />
Gábor Áron u. 50.</p>

<p>A Rádonyi Autószerviz adatvédelmi nyilatkozata (Privacy Policy) A honlap használata során megadott és egyébként a honlap üzemeltetőjéhez került személyes adatok kezelése tekintetében a honlap üzemeltetője maradéktalanul betartja az elektronikus hírközlésről szóló és az elektronikus hírközlési szolgáltató adatkezelésének különös feltételeiről szóló kormányrendeletet, valamint a közérdekű adatok nyilvánosságáról szóló 1992. évi LXIII. törvény rendelkezéseit és előírásait. A [&hellip;]</p>
