{"id":10599,"date":"2015-11-13T18:23:54","date_gmt":"2015-11-13T17:23:54","guid":{"rendered":"http:\/\/radonyi.hu\/autoszerviz\/?page_id=10599"},"modified":"2015-11-20T17:17:43","modified_gmt":"2015-11-20T16:17:43","slug":"frontpage","status":"publish","type":"page","link":"http:\/\/radonyi.hu\/autoszerviz\/","title":{"rendered":"F\u0151oldal"},"content":{"rendered":"<h1>R\u00e1donyi Aut\u00f3szerviz<\/h1>\n<h2>m\u00e1rkaf\u00fcggetlen g\u00e9pj\u00e1rm\u0171 szakszerviz<\/h2>\n<p>M\u00e1rkaf\u00fcggetlen szerviz l\u00e9v\u00e9n, b\u00e1rmilyen t\u00edpus\u00fa g\u00e9pkocsi (szem\u00e9lyg\u00e9pkocsi, kisteheraut\u00f3) szervizel\u00e9s\u00e9t v\u00e1llaljuk.<\/p>\n<p>Korszer\u0171 motordiagnosztikai rendszerek seg\u00edts\u00e9g\u00e9vel a modern sz\u00e1m\u00edt\u00f3g\u00e9pek hibajelz\u00e9seit is kiolvassuk, mely alapj\u00e1n a g\u00e9pkocsik jav\u00edt\u00e1s\u00e1t elv\u00e9gezz\u00fck. A g\u00e9pj\u00e1rm\u0171vek jav\u00edt\u00e1sa szinte mindenre kiterjed. Emellett az aut\u00f3gumi cser\u00e9j\u00e9t, cent\u00edroz\u00e1st is v\u00e1llalunk.<\/p>\n<p>A sz\u00fcks\u00e9ges alkatr\u00e9szeket r\u00f6vid hat\u00e1rid\u0151vel, legt\u00f6bbsz\u00f6r m\u00e9g aznap beszerezz\u00fck a Unix partner rendszer\u00e9n kereszt\u00fcl.<\/p>\n<p>F\u0151 tev\u00e9kenys\u00e9g\u00fcnk az aut\u00f3szerviz, aut\u00f3jav\u00edt\u00e1s, aut\u00f3szerel\u00e9s, m\u0171szaki vizsg\u00e1ra felk\u00e9sz\u00edt\u00e9s, gumiszerel\u00e9s, t\u00e9li gumi cser\u00e9je, ker\u00e9k cent\u00edroz\u00e1s, diagnosztika, \u00e1llapotfelm\u00e9r\u00e9s, g\u00e9pkocsi id\u0151szakos \u00e1tvizsg\u00e1l\u00e1s, kipufog\u00f3 jav\u00edt\u00e1s, csere.<\/p>\n<p>Keresssen meg minket! El\u00e9rhet\u0151s\u00e9geinket <a href=\"http:\/\/radonyi.hu\/autoszerviz\/kapcsolat\/\">ITT tal\u00e1lhatja<\/a>.<\/p>\n","protected":false},"excerpt":{"rendered":"<p>R\u00e1donyi Aut\u00f3szerviz m\u00e1rkaf\u00fcggetlen g\u00e9pj\u00e1rm\u0171 szakszerviz M\u00e1rkaf\u00fcggetlen szerviz l\u00e9v\u00e9n, b\u00e1rmilyen t\u00edpus\u00fa g\u00e9pkocsi (szem\u00e9lyg\u00e9pkocsi, kisteheraut\u00f3) szervizel\u00e9s\u00e9t v\u00e1llaljuk. Korszer\u0171 motordiagnosztikai rendszerek seg\u00edts\u00e9g\u00e9vel a modern sz\u00e1m\u00edt\u00f3g\u00e9pek hibajelz\u00e9seit is kiolvassuk, mely alapj\u00e1n a g\u00e9pkocsik jav\u00edt\u00e1s\u00e1t elv\u00e9gezz\u00fck. A g\u00e9pj\u00e1rm\u0171vek jav\u00edt\u00e1sa szinte mindenre kiterjed. Emellett az aut\u00f3gumi cser\u00e9j\u00e9t, cent\u00edroz\u00e1st is v\u00e1llalunk. A sz\u00fcks\u00e9ges alkatr\u00e9szeket r\u00f6vid hat\u00e1rid\u0151vel, legt\u00f6bbsz\u00f6r m\u00e9g aznap beszerezz\u00fck a Unix [&hellip;]<\/p>\n","protected":false},"author":1,"featured_media":8,"parent":0,"menu_order":0,"comment_status":"closed","ping_status":"closed","template":"","meta":[],"_links":{"self":[{"href":"http:\/\/radonyi.hu\/autoszerviz\/wp-json\/wp\/v2\/pages\/10599"}],"collection":[{"href":"http:\/\/radonyi.hu\/autoszerviz\/wp-json\/wp\/v2\/pages"}],"about":[{"href":"http:\/\/radonyi.hu\/autoszerviz\/wp-json\/wp\/v2\/types\/page"}],"author":[{"embeddable":true,"href":"http:\/\/radonyi.hu\/autoszerviz\/wp-json\/wp\/v2\/users\/1"}],"replies":[{"embeddable":true,"href":"http:\/\/radonyi.hu\/autoszerviz\/wp-json\/wp\/v2\/comments?post=10599"}],"version-history":[{"count":5,"href":"http:\/\/radonyi.hu\/autoszerviz\/wp-json\/wp\/v2\/pages\/10599\/revisions"}],"predecessor-version":[{"id":10613,"href":"http:\/\/radonyi.hu\/autoszerviz\/wp-json\/wp\/v2\/pages\/10599\/revisions\/10613"}],"wp:featuredmedia":[{"embeddable":true,"href":"http:\/\/radonyi.hu\/autoszerviz\/wp-json\/wp\/v2\/media\/8"}],"wp:attachment":[{"href":"http:\/\/radonyi.hu\/autoszerviz\/wp-json\/wp\/v2\/media?parent=10599"}],"curies":[{"name":"wp","href":"https:\/\/api.w.org\/{rel}","templated":true}]}}

Főoldal

<h1>Rádonyi Autószerviz</h1>
<h2>márkafüggetlen gépjármű szakszerviz</h2>
<p>Márkafüggetlen szerviz lévén, bármilyen típusú gépkocsi (személygépkocsi, kisteherautó) szervizelését vállaljuk.</p>
<p>Korszerű motordiagnosztikai rendszerek segítségével a modern számítógépek hibajelzéseit is kiolvassuk, mely alapján a gépkocsik javítását elvégezzük. A gépjárművek javítása szinte mindenre kiterjed. Emellett az autógumi cseréjét, centírozást is vállalunk.</p>
<p>A szükséges alkatrészeket rövid határidővel, legtöbbször még aznap beszerezzük a Unix partner rendszerén keresztül.</p>
<p>Fő tevékenységünk az autószerviz, autójavítás, autószerelés, műszaki vizsgára felkészítés, gumiszerelés, téli gumi cseréje, kerék centírozás, diagnosztika, állapotfelmérés, gépkocsi időszakos átvizsgálás, kipufogó javítás, csere.</p>
<p>Keresssen meg minket! Elérhetőségeinket <a href="http://radonyi.hu/autoszerviz/kapcsolat/">ITT találhatja</a>.</p>

<p>Rádonyi Autószerviz márkafüggetlen gépjármű szakszerviz Márkafüggetlen szerviz lévén, bármilyen típusú gépkocsi (személygépkocsi, kisteherautó) szervizelését vállaljuk. Korszerű motordiagnosztikai rendszerek segítségével a modern számítógépek hibajelzéseit is kiolvassuk, mely alapján a gépkocsik javítását elvégezzük. A gépjárművek javítása szinte mindenre kiterjed. Emellett az autógumi cseréjét, centírozást is vállalunk. A szükséges alkatrészeket rövid határidővel, legtöbbször még aznap beszerezzük a Unix [&hellip;]</p>
